t p be (15/(-9))/(3 + (-40)/12). Let i = p - -15. Calculate the greatest common factor of i and m.
20
Suppose 63*j = -2*u + 67*j + 11066, -5*j = -u + 5557. Calculate the greatest common factor of u and 18.
9
Suppose 4*y = 2*j - 100, 2*j + 2*y - 4*y = 106. Let p be -10*(13 + 396/(-30)). Calculate the greatest common divisor of j and p.
2
Let a be (-8)/(0 - (-6)/(-15)). Let s be 5/a - 22/(-8). Suppose 3*l + t = -l + 192, 2*l = s*t + 96. What is the greatest common factor of l and 12?
12
Suppose -8 = 56*s - 60*s. Suppose 3*v + 5*z + s = 252, 0 = -3*v - 3*z + 240. What is the greatest common factor of v and 30?
15
Suppose -724*c = -712*c - 318168. Calculate the highest common divisor of 54 and c.
54
Suppose 0 = -4*l + 244 + 284. Let m be 4/(-2 + l*(-24)/(-1566)). What is the greatest common divisor of 116 and m?
58
Let u(z) = 2*z**3 + 18*z**2 + 5*z + 80. Let q be u(6). Calculate the highest common divisor of q and 1610.
70
Let g(f) = -13*f + 81. Let z be g(6). Suppose 4*b = x + 3, 4*b + x = -z*x + 28. Calculate the highest common factor of b and 3.
1
Suppose 4*k + 131 = 3*z, -4*k = 4*z - 2127 + 2027. Calculate the highest common divisor of z and 13871.
11
Let z = 667 - 415. Let g = 337 - z. What is the highest common divisor of g and 34?
17
Suppose -m + 214 + 76 = 0. Let i be 27/(-18)*22/(-33) + (-9)/(-1). Calculate the greatest common divisor of i and m.
10
Suppose 193*r - 185*r - 296 = 0. What is the greatest common divisor of r and 8991?
37
Suppose 5*z - 2*z + 9 = 0. Let r be 1*-81*(z - (-28)/7). Let w = 45 - r. Calculate the highest common factor of 14 and w.
14
Suppose -2*b + 5*c + 86 + 34 = 0, -2*b + 4*c + 116 = 0. Let o(s) = 2*s**2 + 11*s + 4. Let h be o(-7). Calculate the greatest common factor of b and h.
25
Let s(f) = 76*f + 536. Let a be s(-5). Let z(b) = 2*b**3 + 4*b**2 + 4*b - 6. Let t be z(5). What is the highest common factor of t and a?
52
Let w = 19666 + -12659. Calculate the greatest common divisor of w and 143.
143
Suppose 0*f = -3*f + 1608. Suppose 19*v - 53 = f. Let b(w) = w**3 + 7*w**2 + 5*w + 3. Let c be b(-4). What is the highest common factor of c and v?
31
Suppose -5*y + y + 16 = -v, 0 = -4*y - 4*v - 4. Suppose j + z - 105 = 2*z, y*z = j - 115. Calculate the greatest common divisor of j and 250.
50
Let g be (-35)/4*4/(-1). Suppose -368*z + 31500 = 82*z. What is the greatest common divisor of z and g?
35
Suppose -a = -4*v + 21, -2*v - 22 = -7*v - 3*a. Suppose -1 = 2*x - v. Let c be 35/x*((-12)/5)/(-3). What is the greatest common factor of c and 4?
2
Let o be (-2)/(-8) - (-42 + (-275)/100). Let q = 133 + -200. Let j = -37 - q. What is the greatest common factor of j and o?
15
Let x(i) be the second derivative of -i**4/12 - 5*i**3/3 + 42*i**2 - 2*i - 16. Let p be x(-10). What is the greatest common divisor of p and 24?
12
Let b = -548 - -578. Let d(j) = 6*j**2 + 2*j. Let u be d(3). Calculate the greatest common factor of u and b.
30
Let f(z) = 114*z - 4. Suppose 0 = -10*v + 26 - 16. Let p be f(v). Suppose -66 = -2*t + 44. Calculate the highest common factor of t and p.
55
Suppose 65 = 117*z - 104*z. Suppose 0 = l - 4*u + 5, 3*l + z = -5*u + 24. What is the highest common factor of l and 11?
1
Let x(s) be the third derivative of s**4/2 + 4*s**3/3 - 2*s**2. Let r = 791 - 789. Let v be x(r). What is the greatest common factor of v and 4?
4
Let l be 27/(-3) + 4 - (-120 - -2). Let x = 118 - l. Calculate the greatest common factor of x and 205.
5
Let x be (-2 - 45/(-27))*-261. What is the greatest common factor of 841 and x?
29
Let j = 4 + 36. Suppose -5*d = -2*d - 2*w - j, -w = -d + 12. Calculate the highest common factor of 120 and d.
8
Suppose 0 = 7504*z - 7547*z + 1290. Calculate the greatest common divisor of 22965 and z.
15
Let a = -49591 + 49798. Let n = -2 + 11. What is the highest common factor of n and a?
9
Let w be (20/7)/(5 - 1030/210). Let i(l) = -51*l - 4. Let d be i(-12). Let o be 6/51 - d/(-34). What is the highest common factor of w and o?
6
Let r = -270 + 382. Suppose -6*x + 15 = -3*x. Let k = x - -9. What is the highest common factor of k and r?
14
Suppose -u = -4*m + 3*u, 2*u - 10 = 0. Let c(k) = -k - m*k + k**2 + 0*k**2 + 13*k - 16. Let x be c(5). Calculate the greatest common divisor of 11 and x.
11
Suppose 2*h - 5*w = 486, 6*h - 1912 + 538 = w. What is the highest common divisor of 380 and h?
76
Let m be (-1 - 6/(-8)) + 15 + 3126/24. Calculate the highest common divisor of 1537 and m.
29
Let q = 2 + -2. Suppose -3*m = -7*x + 2*x + 1391, -2*x + 557 = -m. Suppose q*w + x = 5*w. Calculate the highest common divisor of 16 and w.
8
Suppose -40 = 6*s - 2*s. Let f be -1*1*(6 + s). Let l be (-5446)/(-728)*8 + (-2)/(-13). What is the greatest common divisor of f and l?
4
Let u be (-43 + -1)*((-189)/(-28) + -7). Suppose -u*j = -12*j + 17. What is the greatest common divisor of j and 187?
17
Suppose r - 60*p = -62*p + 96, 5*r + p = 507. Calculate the highest common divisor of r and 1173.
51
Let x(z) = -z**3 - 11*z**2 - 8*z + 22. Suppose 240 = -7*c - 17*c. Let g be x(c). Calculate the greatest common divisor of 50 and g.
2
Let j be (-1 + -21 - -7) + 16. What is the greatest common factor of 2633 and j?
1
Suppose 50 = 4*y - 3*y. Let p(s) = s**3 + 10*s**2 + 2*s + 24. Let f be p(-10). Suppose -a = f*a - y. Calculate the greatest common factor of 90 and a.
10
Let d = 4126 + -3868. Calculate the greatest common divisor of d and 430.
86
Let d = 26342 + -26095. What is the greatest common factor of 171 and d?
19
Let c = -2439 - -2460. What is the highest common factor of 7014 and c?
21
Let f = 23606 - 23586. What is the greatest common divisor of f and 5630?
10
Suppose -3810 = -3*n + 5*v, -51*v = n - 54*v - 1270. What is the greatest common divisor of n and 10?
10
Suppose -5*a + 4*p = -23, -2*p - 17 = -5*a - p. Let r be 262 + a - (4 - 3). What is the greatest common factor of r and 24?
24
Let c(u) = 40*u + 52. Let s be c(-1). Suppose 0 = 9*w - s*w + 90. What is the highest common divisor of w and 930?
30
Let g(p) = 3*p**2 + 2*p - 2. Let n be g(-2). Let s(o) = 4*o**3 + 46*o**2 + 61*o + 16. Let k be s(-10). Calculate the greatest common divisor of k and n.
6
Suppose 8*a - 368 = 4*a. Suppose 0 = 16*t - a - 356. Calculate the greatest common divisor of t and 28.
28
Let m(w) = -w**2 - 14*w + 23. Let z be m(-15). Suppose 2*p = 14 - z. Suppose p*u + 9*u = 180. Calculate the highest common factor of u and 10.
5
Let x be (2212/8)/7 - -2*4/16. Calculate the highest common factor of 2864 and x.
8
Let x(d) = -d**2 - 9*d + 26. Let t(g) = g**2 - 19*g - 48. Let h be t(21). Let l be x(h). What is the greatest common factor of 12 and l?
4
Suppose 5*f + 5*d - 8*d + 504 = 0, f + 4*d + 110 = 0. Let q = f + 174. Let w = -14 - -26. Calculate the highest common divisor of w and q.
12
Let w be (-510)/4*6*10/(-9). Calculate the greatest common divisor of 34 and w.
34
Let l(t) = t + 4. Let p be l(5). Let f = -3 + p. Suppose 0 = 2*c - 49 + 13. What is the highest common factor of f and c?
6
Let s be (-10)/(-7) + 4662/98. Calculate the highest common factor of 119 and s.
7
Suppose r = p - 293, -5*r - p = -191 + 1680. Let k = r - -306. What is the highest common divisor of k and 108?
9
Suppose -3*v + 7561 = -664*f + 668*f, 5*f = -3*v + 9449. What is the highest common factor of f and 590?
118
Let v(x) = 24 + 2*x - 4*x - 22*x + 80. Let i be v(4). What is the highest common factor of 8 and i?
8
Suppose 0 = s - 0*f + f + 398, -s - 3*f = 408. Let x = 409 + s. What is the highest common factor of 144 and x?
16
Let c = -8403 + 8466. Calculate the highest common divisor of 1036 and c.
7
Let b = -795 - -949. Calculate the greatest common factor of b and 88.
22
Let a be 15/(-12)*(-4)/1. Suppose -a*m + 84 = -436. What is the greatest common divisor of m and 91?
13
Let q(s) = -s**3 + 22*s**2 + 23*s + 16. Let i be q(23). Suppose -75 = -21*l + i*l. Suppose -l*v + 27 = -14*v. Calculate the greatest common divisor of 54 and v.
27
Suppose -57400 = -326*o + 256*o. What is the highest common divisor of o and 480?
20
Let q be (-3 + 22)/((-856)/216 - -4). Calculate the greatest common factor of q and 2793.
57
Let r(v) = 3*v**2 - 45*v + 88. Let l be r(14). Let z = -534 + 948. Calculate the greatest common divisor of z and l.
46
Let y(z) = -z**2 - 10*z + 184. Let x be y(